et x(m) be the second derivative of -m**3/2 + 10*m**2 + 5*m. Let z be x(6). Let p(r) = -z*r + 3 + 4*r - 3. Give p(2).
4
Suppose -s = 2*u - 33 + 241, -634 = 3*s - 4*u. Let c be (1/(-3))/(14/s). Let h(k) = -k**2 - k + 5. What is h(c)?
-25
Let u(l) = 3*l - 46. Let q(o) = -148*o - 2194. Let r be q(-15). Calculate u(r).
32
Let z(v) = 18*v + 1076*v**2 - 10 + 1078*v**2 - 2158*v**2. Determine z(4).
-2
Let x(y) = 6*y**2 + 837*y - 847*y - y**3 + y**2. Give x(3).
6
Let d(g) be the second derivative of g**4/12 + 4*g**3/3 - 9*g**2/2 + 3*g. Suppose 153*x + 390 = 23*x - 650. What is d(x)?
-9
Let s(b) be the first derivative of 5*b - 7/2*b**2 + 41 + 2/3*b**3. Determine s(4).
9
Let z(f) = -9*f - 17. Suppose -1233*p = -1336*p - 412. Give z(p).
19
Let d(p) = -5*p - 3. Let q be d(-1). Let f(u) = 12*u**2 - 10*u - 21*u**q + 2 + 17*u**2 - u**3. Calculate f(7).
-19
Let d(q) = q**2 - 7*q - 10. Suppose 0 = 3*o + 4*o + 42. Let y be 3/((-24)/14*o/24). Give d(y).
-10
Let y = -148 - -158. Suppose y*q + 19 = 5*q + f, 3*q + 1 = -2*f. Let p(r) be the third derivative of r**4/6 + r**3/2 + 3*r**2. Give p(q).
-9
Suppose -4*w = -h - 15, 0 = 2*h - 2*w + 4*w - 20. Let l(a) = 5*a + 3. Let s = 61 - 67. Let c(u) = -4*u - 3. Let z(q) = s*c(q) - 5*l(q). Determine z(h).
-2
Let v(m) be the first derivative of m**4/4 - 2*m**3 - m**2/2 + 2*m + 74. Suppose 0 = 6*o + 3*o - 54. Give v(o).
-4
Let d(u) = 1588*u - 1549*u + 363 - 234 - 3*u**2. Calculate d(-3).
-15
Let t = 149 + -133. Let p(g) be the first derivative of 0*g + t + 1/2*g**2 - 1/3*g**3. Determine p(0).
0
Let y(r) = 45 + 125*r**2 - 14*r - 252*r**2 + 128*r**2 - 4. What is y(8)?
-7
Let r = 1313/10568 + 1/1321. Let k(y) be the third derivative of 0 + r*y**4 + 2/3*y**3 - 1/120*y**6 + 20*y**2 + 0*y - 1/30*y**5. Determine k(-3).
4
Let g(q) be the second derivative of -q**3/6 + 5*q**2/2 - 9592*q. Suppose -5 - 3 = -c. What is g(c)?
-3
Let q(c) = -c**2 + 18*c + 74. Suppose 7894*k - 374 = 7877*k. What is q(k)?
-14
Suppose -27*d + 31*d = -28. Let j(l) = -l**2 - 5*l - 8. What is j(d)?
-22
Let m(l) be the first derivative of l**3/3 + l**2/2 + 6*l + 1118. Let y = 0 + 5. Let o be (2 + -3)/(y/25). Give m(o).
26
Let a(b) = 11*b**2 - 39*b + 248. Let j(z) = 16*z**2 - 38*z + 230. Let y(p) = 3*a(p) - 2*j(p). Calculate y(32).
-4
Let p(a) = -13*a + 11 + 3*a**3 + 9*a**3 - 6*a**2 - 11*a**3 - 8*a + 14. What is p(8)?
-15
Let y be (-33)/(-3)*(0 - -1). Let m(g) = g**2 - 13*g + 23. Let h be m(y). Let v(w) = -4 + h - 1 - 4*w. Give v(-4).
12
Let n(r) = 2*r**2 - 3*r - 5. Let b(d) = -d**2 - 12*d + 83. Let w be b(5). Let j be 3/((3 - w)/5). Determine n(j).
4
Let u(l) = -231*l**2 - l**3 + 274*l**2 + 3*l - 6*l - 45*l**2. Let o(s) = -s**3 + s**2 - 2. Let h(m) = m - 5. Let c be h(5). Let k be o(c). Give u(k).
6
Let k = 15004 - 15013. Let u(o) = 9*o - 20. Calculate u(k).
-101
Let b(y) = y**3 - 6*y**2 + 3. Let f be 5 + 5 - (-9 - -12). Suppose -26 = -2*n + 5*t, n = 3*n - 3*t - 30. Suppose f*j = 4*j + n. Give b(j).
3
Let k(w) = -17*w**2 + 102*w - 280. Let h(p) = 13*p**2 - 77*p + 209. Let y(v) = -13*h(v) - 10*k(v). Give y(8).
-5
Let d(i) be the first derivative of -i**3/3 - 9*i**2/2 - 8*i + 4610. Give d(-6).
10
Suppose 6*j + 24*j = 6*j. Let a be 14 - 9 - j/1. Let g(u) = u - 4. What is g(a)?
1
Let j(x) = -x - 40. Suppose -5*n = 4*k + 208 + 1, 0 = 11*n - 4*k + 447. Calculate j(n).
1
Suppose 0 = -h - 10 + 13. Suppose 62*x = 61*x + h. Let a(w) be the third derivative of w**5/60 - w**4/6 + 2*w**3/3 - w**2. Calculate a(x).
1
Let u(q) = q**3 - 19*q**2 + 31*q + 53. Let b be u(17). Let t(p) = 61 - p**3 + 4*p**b + 57 - 4*p - 117. Let l = 3 + 0. Determine t(l).
-2
Let s(x) be the third derivative of x**5/60 + 5*x**4/24 + x**3 + x**2. Let o be s(-5). Let q(u) = 292648*u - 292650*u + 11 + u**3 - 6*u**2 - 5. What is q(o)?
-6
Suppose 16 = -2*w + 4. Suppose 0 = -4*f + 108 - 100. Let t(r) = -4*r - 288 + 279 + 0*r + f*r. Give t(w).
3
Let s(f) = -f**3 + 7*f**2 - 5*f + 4. Let d(j) = j**3 - 7*j + 7. Let z be d(2). Suppose 0 = -8*x + 47 + z. What is s(x)?
10
Let a(p) = p**3 + 11*p**2 + 11*p + 3. Suppose 16*i = -11*i + 108. Let c be ((-100)/(-125))/((-1)/(50/i)). Calculate a(c).
-7
Let y(l) be the second derivative of -l**4/8 + l**3/6 - 61*l**2/2 - l + 28. Let m(f) be the first derivative of y(f). Determine m(-6).
19
Let z(h) = -30*h**2 + 128*h + 292. Let k(t) = -17*t**2 + 73*t + 167. Let l(g) = -16*k(g) + 9*z(g). Calculate l(10).
-4
Suppose -2*b + 9 = -4*n - 13, -3*b + 5*n = -30. Let r = -199 - -196. Let y(c) = -13*c - 6. Let h(l) = -5*l - 2. Let z(m) = r*y(m) + 8*h(m). Calculate z(b).
-3
Let q(t) = -11*t - 41. Let n = 9318 + -9322. Calculate q(n).
3
Let c(a) = 3*a + 14. Suppose -4*g - 5*d + 5 = -9*g, 5*g = -2*d - 26. Let o be c(g). Let n(u) = -1 + 6*u - 2 + 1. Determine n(o).
10
Let j(f) be the first derivative of f - 5/2*f**2 + 5. Suppose w + 18 = 4*v, -3*w = -5*v + 15 + 11. Give j(w).
11
Let r(k) = 36 - 2027*k - 12 + 23 + 2029*k. Determine r(-33).
-19
Let w = -1697 - -1706. Suppose 1 = 4*a - 7. Let n(k) = 0*k**2 + w*k - 4 + k**2 - 3*k**2 + k**a. Determine n(6).
14
Let r = 3613 - 3623. Let p(t) = 10*t + 98. Determine p(r).
-2
Let h(o) = 37 + 0*o - 38 - 2*o + 3*o. Let t(r) = r**3 - 15*r**2 + 19*r - 62. Let y be t(14). What is h(y)?
7
Let z(r) = -r - 9. Let v(b) = 2*b + 19. Let d(p) = 2*v(p) + 5*z(p). Let x be (2 - (-48)/(-21))/(-17 + (-4170)/(-245)). Give d(x).
7
Let z(x) = x - 9. Suppose -40*j - 19 = -21*j. Let l(k) = 4*k + 3 - 1 - 2*k. Let c be l(j). Determine z(c).
-9
Let k(p) = p**3 - p**2 - p + 7. Suppose 4*g = -5 + 13. Suppose -3*n + 8 = -2*z, g*z + 4 = -4*n - 4. Let x = 0 - n. Give k(x).
7
Suppose -4*d + 4 = -2*f, 6*d - 3*f = 4*d - 6. Let c(k) = 14 - 8 + k - k**d - k**2 + 2*k**3 - 3*k**2 - 2. Determine c(3).
-2
Let x(d) = d + 15. Let z be -14 - -14 - ((-4)/1 + 0). Let a(b) = -b**3 + 3*b**2 + 12*b - 32. Let j be a(z). Give x(j).
15
Let p(v) be the third derivative of v**4/12 + v**3 - 20*v**2. Let g = 15 + -27. Let q be 0/(g/(-3)) - 7. Give p(q).
-8
Let q(d) be the second derivative of -d**5/20 + d**4/6 + 2*d**2 + 3*d. Let o be 30/4*4/6. Suppose o*p - 37 = -4*t, -t + p - 3*p = -13. Determine q(t).
-5
Let d = -47 - -47. Suppose d = 10*q - 8*q - 20. Let v(u) = -u + q - 13 + 5. What is v(2)?
0
Let k(r) = -2*r. Let u be k(-3). Let y be ((-2)/3)/(1/u). Let m(c) be the second derivative of c**4/6 + 2*c**3/3 - c**2/2 - 838766*c. Determine m(y).
15
Let d(g) be the second derivative of 9*g**5/20 - g**4/12 - g**3/3 - g**2/2 + g. Suppose 446*a - 450*a - 4 = 0. Determine d(a).
-9
Let l(v) be the third derivative of v**6/120 - 3*v**5/20 + v**4/4 - 7*v**3/2 - v**2 - 735*v. Determine l(9).
33
Suppose -10*a + 25*n - 24*n = 13, -a = -5*n - 33. Let w(d) = d**3 + 4*d**2 + d - 3. Calculate w(a).
3
Suppose 23*a - 26*a - 5*c = 22, 0 = 4*c + 20. Let g(y) = -6*y + 2. Determine g(a).
-4
Let m(g) = -12*g - 43. Let n be m(23). Let f = n + 317. Let l(o) = 6*o**3 + o**2 - o - 1. Calculate l(f).
-43
Let c = -42 + 12. Let x = c + 36. Suppose -12 = 9*a - x*a. Let u(d) = -5*d - 6. Determine u(a).
14
Let x(c) = -c**2 + 130*c + 1247. Let p be x(-9). Let t(g) = -2*g**2 - 3*g - 3. What is t(p)?
-23
Let j(r) = r**2 + 332768 - 665529 + 332763 - 2*r + 6*r**2. Suppose -4*w + 2 = -2. Determine j(w).
7
Let v(i) = -i**3 + i. Suppose 0 = -2*d - 5*u + 18, -3*d + 2*u + 2*u = 19. Let f be v(d). Let c(a) = -1 + 6*a + f - 4 + 0*a. Calculate c(5).
25
Suppose 2*z + 2*z = -392. Let s = z - -102. Let r(y) = -2*y - 1 - y - s + 6. Give r(5).
-14
Let n(h) be the third derivative of h**6/120 + h**5/3 - h**4/12 - 43*h**3/6 - 164*h**2. Determine n(-20).
-3
Let x be ((-50)/(-6))/((-22)/(-66)) + (-16)/(-4). Let m(p) = p**3 - 32*p**2 + 88*p - 18. Give m(x).
11
Let g(f) = f**2 - 3895 - 3894 - 8*f**3 - 3895 + 2*f + 11686. Determine g(-1).
9
Let h(t) = -4*t + 2. Let w be 2/((10 + -14)/(1 - 7)). Suppose -w*s + 0*s - 4*u + 16 = 0, -13 = -2*s - 5*u. Give h(s).
-14
Let c(r) = 55*r + 103. Suppose -54*f + 50*f = -4*a + 24, -4*f = -a + 12. Determine c(f).
-7
Suppose 3*n + 14*n = 1717. Let b = -94 + n. Let u(x) = -x**2 + 6*x + 4. Calculate u(b).
-3
Let c(r) = 24*r**2 - 20*r + 91. Let a be c(4). Let z = a + -404. Let p(u) = -4*u + 4. Calculate p(z).
40
Let f(c) = -1 + 114*c - 22 - 32 - 105*c. What is f(6)?
-1
Let w(k) = -k**2 + 9*k - 8. Let y be w(7). Let n = 55 